{"id":43,"date":"2016-10-31T18:08:17","date_gmt":"2016-10-31T18:08:17","guid":{"rendered":"http:\/\/blog.glasharmonika.org\/?page_id=43"},"modified":"2020-01-25T15:57:48","modified_gmt":"2020-01-25T15:57:48","slug":"beate-fuerbacher","status":"publish","type":"page","link":"https:\/\/glasharmonika.org\/?page_id=43","title":{"rendered":"Beate F\u00fcrbacher"},"content":{"rendered":"<p>Beate F\u00fcrbacher wurde in Ingolstadt geboren. Ersten Konzertharfenunterricht hatte sie bei Frau Prof. Lentrodt in M\u00fcnchen.\u00a0Anschlie\u00dfend studierte Sie bei Fr. Prof. Holliger in Freiburg und bei Frau Alice Giles an der Musikhochschule in Frankfurt\/Main.<\/p>\n<p>Ehemalige Stipendiatin des Ingolst\u00e4dter \u201eVereins zur F\u00f6rderung junger musikalischer Talente\u201c. Langj\u00e4hrige Jurorin beim\u00a0Wettbewerb \u201eJugend musiziert\u201c. Neben Fernseh-, Rundfunk- und CD Aufnahmen pflegte Sie ihre Orchestererfahrung in der Konstanzer Kammeroper, mit dem Th\u00fcringer Sinfonieorchester, den Hofer Sinfonikern und beim Landestheater Eisenach.<\/p>\n<p>Mit verschiedenen Kammermusikbesetzungen wie z. B. \u201eGlasmusik u. Harfe\u201c oder \u201eHorn und Harfe\u201c spielte sie regelm\u00e4\u00dfig Konzert im In- und Ausland. Sie trat beim Treffen der Nobelpreistr\u00e4ger f\u00fcr Physik in Lindau auf, spielte bei einer Veranstaltung vor dem ehemaligen Bundeskanzler<\/p>\n<p>Schr\u00f6der und\u00a0gestaltete ein Event mit Frau Seehofer in der Staatskanzlei M\u00fcnchen. Sie durfte das &#8222;Women&#8217;s Breakfast&#8220; bei der M\u00fcnchener Sicherheitskonferenz begleiten. Zudem\u00a0war\u00a0Sie f\u00fcr die musikalische Untermalung der Gottesdienste und Konzerte mit Kardinal Lehmann und Kardinal Wetter verantwortlich.<\/p>\n<p>Zudem ist Beate F\u00fcrbacher Lehrbeauftragte f\u00fcr Harfe am Gabrieli-Gymnasium in Eichst\u00e4tt und am Gnadenthal Gymnasium in Ingolstadt.<\/p>\n<p><a href=\"http:\/\/beate-fuerbacher.jimdo.com\/\" target=\"_blank\" rel=\"noopener noreferrer\">http:\/\/beate-fuerbacher.jimdo.com\/<\/a><\/p>\n\n<script>\nvar zbPregResult = '0';\n<\/script>\n","protected":false},"excerpt":{"rendered":"<p>Beate F\u00fcrbacher wurde in Ingolstadt geboren. Ersten Konzertharfenunterricht hatte sie bei Frau Prof. Lentrodt in M\u00fcnchen.\u00a0Anschlie\u00dfend studierte Sie bei Fr. Prof. Holliger in Freiburg und bei Frau Alice Giles an der Musikhochschule in Frankfurt\/Main. Ehemalige Stipendiatin des Ingolst\u00e4dter \u201eVereins zur &hellip; <a href=\"https:\/\/glasharmonika.org\/?page_id=43\">Weiterlesen <span class=\"meta-nav\">&rarr;<\/span><\/a><\/p>\n","protected":false},"author":1,"featured_media":0,"parent":0,"menu_order":0,"comment_status":"closed","ping_status":"closed","template":"","meta":{"footnotes":""},"class_list":["post-43","page","type-page","status-publish","hentry"],"_links":{"self":[{"href":"https:\/\/glasharmonika.org\/index.php?rest_route=\/wp\/v2\/pages\/43","targetHints":{"allow":["GET"]}}],"collection":[{"href":"https:\/\/glasharmonika.org\/index.php?rest_route=\/wp\/v2\/pages"}],"about":[{"href":"https:\/\/glasharmonika.org\/index.php?rest_route=\/wp\/v2\/types\/page"}],"author":[{"embeddable":true,"href":"https:\/\/glasharmonika.org\/index.php?rest_route=\/wp\/v2\/users\/1"}],"replies":[{"embeddable":true,"href":"https:\/\/glasharmonika.org\/index.php?rest_route=%2Fwp%2Fv2%2Fcomments&post=43"}],"version-history":[{"count":2,"href":"https:\/\/glasharmonika.org\/index.php?rest_route=\/wp\/v2\/pages\/43\/revisions"}],"predecessor-version":[{"id":89,"href":"https:\/\/glasharmonika.org\/index.php?rest_route=\/wp\/v2\/pages\/43\/revisions\/89"}],"wp:attachment":[{"href":"https:\/\/glasharmonika.org\/index.php?rest_route=%2Fwp%2Fv2%2Fmedia&parent=43"}],"curies":[{"name":"wp","href":"https:\/\/api.w.org\/{rel}","templated":true}]}}